291. Suppose -3*m + 2*f = -112, 4*f + 90 = 2*m + 26. What is the remainder when m is divided by (-146)/(-10) - (8 + a/(-35))?
10
Calculate the remainder when 3589 is divided by 1/(9/(-576)*-8).
5
Suppose i = 5*x - 4184, -166 = 3*x + 3*i - 2662. Calculate the remainder when x is divided by 56.
52
Suppose d = -4*z + 252, -4*z + 252 = -49*d + 46*d. Calculate the remainder when z is divided by 20.
3
Suppose 0 = 3*q - 0 + 6. Let g(o) = -3*o**3 - 2*o**2 + 3*o - 3. Calculate the remainder when g(q) is divided by 9 + -2 + -4 + 3.
1
Suppose -4*h + 137 = g - 0, 3*h - 4*g - 98 = 0. Let t = h - 24. What is the remainder when t is divided by ((-4)/22)/((1862/836)/(-49))?
2
Let r = -408 - -726. Suppose -6*m - 9*q = -2*m - 371, -2*m + 193 = 3*q. Calculate the remainder when r is divided by m.
6
Calculate the remainder when (-74)/(((-4)/(-14))/(145/(-35))) is divided by 217.
205
Let v = 6597 + -6544. Calculate the remainder when 211 is divided by v.
52
Suppose -6*w + 2*w + 8 = 0. Suppose w*q - 24 - 42 = 0. What is the remainder when 67 is divided by q + (-5)/(25/(-10))?
32
Let o = -7335 + 7397. Calculate the remainder when 75 is divided by o.
13
Suppose -2 - 158 = -32*h. Calculate the remainder when 3 - (-2 + 3) - -6 is divided by ((-24)/15)/((-54)/10 + h).
0
Let j(t) = t**3 + t**2 - 13*t + 7. Calculate the remainder when 83 is divided by j(4).
13
Suppose 4*z + 76 = 4*l, -l + 4*z = -8 - 23. Suppose -8 + 0 = -2*t. Calculate the remainder when 142/t*(2 + 0) is divided by l.
11
Let v(w) = 10*w - 77. Let l be v(8). Suppose 233 = l*h - 49. What is the remainder when h is divided by 20?
14
Let p = 38280 - 38228. Suppose -o + 108 = -46. Calculate the remainder when o is divided by p.
50
Suppose 0 = -w - 3*w + 52. Let b = 3480 + -3329. Calculate the remainder when b is divided by w.
8
Suppose -25*y + 1015 = -610. Calculate the remainder when y is divided by 7/((-70)/165)*-2.
32
Let s(b) = b**3 + 7*b**2 - 9*b + 17. Let j be s(-8). Let z be 4/10*j*1. Calculate the remainder when 23 is divided by (-12*1)/(z/(-10)).
11
Suppose -9*b + 15*c + 47 = 10*c, -20 = -5*b + 4*c. Calculate the remainder when 453 is divided by b.
5
Suppose -21 - 999 = -10*d. Let q = 107 - d. Let c(m) = 7*m - 3. What is the remainder when c(2) is divided by q?
1
Let j = 48592 - 48538. Let s(w) = -w**2 - 8*w + 7. Calculate the remainder when j is divided by s(-6).
16
Let n(s) = s**2 + 3*s - 4. Let x(w) = 9*w**2 + w. Let u be x(-1). What is the remainder when n(u) is divided by -17*(25/5 - 6)?
16
Let v = 180 - -86. Suppose -5*j + 203 = 3*a - 4*j, -4*a + v = -j. What is the remainder when a is divided by 43?
24
Let h(n) = 13*n - 35. Let g be h(7). Suppose -2*s - g - 24 = 0. Calculate the remainder when 8/10 - 2088/s is divided by 11.
9
Let b = -63 + 63. Suppose 3*r = -5*a - b*a + 65, -a = -5*r + 71. Suppose 628 = r*i - 11*i. What is the remainder when i is divided by 40?
37
Let s be (-10458)/21 + -1*3. Let b = -472 - s. Calculate the remainder when b is divided by 8.
5
Suppose 3*f = 3*n + 234, 160*n = -5*f + 155*n + 320. What is the remainder when 846 is divided by f?
65
Suppose 119 = 11*d - 79. Suppose -9 = -3*t + d. What is the remainder when 14 is divided by t?
5
Suppose q + 2*x = 15, 53*q - 5*x - 66 = 51*q. What is the remainder when 668 is divided by q?
1
What is the remainder when 10/(-1)*(37 + 2844/(-72)) is divided by 22?
3
Let u(z) = -46*z**3 + 4*z**2 + 9. Let y be u(-3). Suppose -9*j + y = -3285. Calculate the remainder when j is divided by 64.
60
Let i = 8290 + -7721. What is the remainder when i is divided by 46?
17
Let f = 538 + -523. Suppose -v = 9*x - 11*x - 15, -v + f = 3*x. What is the remainder when 702 is divided by v?
12
Let f = -124 + 83. Let h = 44 + f. What is the remainder when 29 is divided by 4*(-2)/(-8) + (h - 0)?
1
Let s = 109 - 70. Let a = s + -36. Suppose 4*j = a*k - 75 - 87, 5*j = 15. Calculate the remainder when k is divided by 16.
10
Let z be (78/(-21) + 2)/((-10)/35). Let y(a) = a**2 - 5*a + 8. Calculate the remainder when -33*(2/z)/((-3)/21) is divided by y(0).
5
What is the remainder when 368 is divided by ((-33)/3)/((-11)/(-1056)*-6)?
16
Let j be ((-24)/(-10))/((-9)/(-30)). Let h(c) = 9*c - 70. Let n(o) = -11*o + 69. Let l(v) = -3*h(v) - 2*n(v). What is the remainder when l(j) is divided by 17?
15
Let i = 55 + -23. Suppose -u = 3*q - 2 + 3, 3*q - i = -4*u. Let o(b) = 2*b + 38. Calculate the remainder when u is divided by o(-18).
1
Let f = 2580 - 245. What is the remainder when f is divided by 180?
175
Let c(v) = 115*v + 2. Let n = 9188 + -9162. Calculate the remainder when c(1) is divided by n.
13
Let q = 12979 - 6427. What is the remainder when q is divided by 57?
54
Suppose 16*s - 7*s + 2520 = 0. Let r = -242 - s. What is the remainder when 529 is divided by r?
35
Let a = -37 + 56. Let l(b) = -27*b + 59 + 20*b + 4*b. What is the remainder when a is divided by l(16)?
8
Let q(l) = 48*l + 57. Let v be q(-1). Suppose -12 = -p + 4*a + v, 5*a = 0. What is the remainder when 246 is divided by p?
15
Suppose -10*y + 2*y + 3*y + 1355 = 0. Calculate the remainder when y is divided by 35.
26
Suppose 0 = 55*c - 44*c - 858. Suppose -2*o + 5 = -35. Calculate the remainder when c is divided by o.
18
Let s be 1/(9/90 + 2/(-10)). Let d be (-4)/(-20) + (-48)/s. Let w(u) = -u**2 + 14*u - 12. What is the remainder when w(d) is divided by 18?
15
Let p(m) = -m**3 + 81*m**2 + 7*m - 517. Calculate the remainder when 192 is divided by p(81).
42
Suppose 6*v + 949 = 41*v - 2096. Calculate the remainder when 441 is divided by v.
6
Let m be -3*(39466/(-6) - 5). What is the remainder when 4*2/44 - m/(-44) is divided by 41?
39
Suppose -666 - 182 = -53*z. Calculate the remainder when 235 is divided by z.
11
Let x = 6485 + -6460. What is the remainder when 1/((7 - 4)/195) is divided by x?
15
Let h be ((3 - -13)/4 - 2)*4. Suppose 5*m = 3*r - 7, -3*m + 10*r - h*r = 5. Calculate the remainder when 10 is divided by m.
0
Let v(y) = -y**3 + y + 9. What is the remainder when (-2197)/(-14) + 54/756 is divided by v(-3)?
25
Let i(y) = -2*y + 3. Let n be (1/(-3))/(13/(-4329)). Let p = 160 - n. Calculate the remainder when p is divided by i(-7).
15
Let v(x) = -x**3 + 240*x**2 - 3375*x + 11. Suppose 6*t - 27 = 3*t. Let m = 15 - t. Calculate the remainder when v(15) is divided by m.
5
Suppose 2*g - 24 = -3*b, 2*b + 67 = 5*g + 7. Let t(w) = 8*w - 72. What is the remainder when 44 is divided by t(g)?
20
Let h = 175 + -246. Let v = 84 + h. What is the remainder when 37 is divided by v?
11
Let q be (8 - 6)/((-2)/(-3)). Suppose -4*z + 3*m = -213 + 14, q*m + 3 = 0. Calculate the remainder when 292 is divided by z.
47
What is the remainder when 2649/(-18)*-3*(-12)/(-6) is divided by 59?
57
Let b(o) = 2*o**2 + 3*o + 1. Let f be b(5). Let u = f + -34. Suppose u = -0*w + 2*w. Calculate the remainder when 29 is divided by w.
13
Suppose -16*i = 71*i - 109185. What is the remainder when i is divided by 66?
1
Let r = 0 + 2. Suppose -v - 4 = -0*v, 48 = 4*u + r*v. What is the remainder when ((-12)/(-39))/(1342/235521) is divided by u?
12
Suppose 572*p = 1486 + 8748 - 510. Let f = -9 + 13. Calculate the remainder when p is divided by f.
1
Let d(l) = 53*l**2 - 5*l - 6. Let v be d(-1). Let r = 73 - v. Suppose 5*k - 270 = 5*y, -7*y + 2*y = -4*k + 211. Calculate the remainder when k is divided by r.
17
Let q(g) = g**2 - 8*g - 64. Let f(t) = -t**3 + 19*t**2 - 79*t. Let a be f(6). Calculate the remainder when 119 is divided by q(a).
19
Suppose y = -7*y - 1216. Let g = y + 205. Suppose 5*f - 33 = 22. Calculate the remainder when g is divided by f.
9
Let p = 117 - -294. What is the remainder when p is divided by 10?
1
Let w(z) = -4 + 97*z + 2*z**2 - 54*z - 50*z. Calculate the remainder when w(8) is divided by 10.
8
Suppose -20*s + 454 = -126. Suppose 0 = -25*p + 26*p - s. Calculate the remainder when 318 is divided by p.
28
Let p = 51 - 22. Let q(s) = 17*s**2 - 6*s - 7. Let m(l) = l + 1. Let h(r) = 6*m(r) + q(r). What is the remainder when p is divided by h(1)?
13
Suppose 0 = -99*c + 7977 - 566 + 2885. What is the remainder when c is divided by 71?
33
Suppose -2*t = -3*d + 2107, -3*t - 8413 = -12*d + 2*t. What is the remainder when d is divided by 13?
10
Let z(t) = t**3 + 34*t**2 + 150*t + 29. What is the remainder when z(-11) is d